{"id":831,"date":"2025-11-30T17:32:08","date_gmt":"2025-11-30T16:32:08","guid":{"rendered":"http:\/\/ekodom.sklep.pl\/?post_type=product&#038;p=831"},"modified":"2025-12-01T10:57:39","modified_gmt":"2025-12-01T09:57:39","slug":"poduszka-rehabilitacyjna","status":"publish","type":"product","link":"https:\/\/ekodom.sklep.pl\/index.php\/product\/poduszka-rehabilitacyjna\/","title":{"rendered":"Poduszka rehabilitacyjna"},"content":{"rendered":"<p>Zalety poduszki masuj\u0105cej Luxfinity<\/p>\n<p>\u2022 pobudza kr\u0105\u017cenie krwi i dzia\u0142anie uk\u0142adu limfatycznego<br \/>\n\u2022 zapewnia masa\u017c podobny do tego u profesjonalnych masa\u017cyst\u00f3w,<br \/>\n\u2022 relaksuje,<br \/>\n\u2022 pomaga rozlu\u017ani\u0107 napi\u0119te mi\u0119\u015bnie,<br \/>\n\u2022 zmniejsza napi\u0119cia uk\u0142adu nerwowego,<br \/>\n\u2022 pomaga redukowa\u0107 sztywno\u015b\u0107 karku.<\/p>\n<p>ZASTOSOWANIE PODUSZKI<\/p>\n<p>\u2022 b\u00f3le karku<br \/>\n\u2022 b\u00f3le kr\u0119gos\u0142upa,<br \/>\n\u2022 b\u00f3le plec\u00f3w,<br \/>\n\u2022 b\u00f3le odcinka l\u0119d\u017awiowego<br \/>\n\u2022 skurcze mi\u0119\u015bni<br \/>\n\u2022 rwa kulszowa<br \/>\n\u2022 przyspiesza regeneracj\u0119 mi\u0119\u015bni<br \/>\n\u2022 wspomaga proces rehabilitacji<\/p>\n","protected":false},"excerpt":{"rendered":"<p>Zalety poduszki masuj\u0105cej Luxfinity \u2022 pobudza kr\u0105\u017cenie krwi i dzia\u0142anie uk\u0142adu limfatycznego \u2022 zapewnia masa\u017c podobny do tego u profesjonalnych masa\u017cyst\u00f3w, \u2022 relaksuje, \u2022 pomaga rozlu\u017ani\u0107 napi\u0119te mi\u0119\u015bnie, \u2022 zmniejsza napi\u0119cia uk\u0142adu nerwowego, \u2022 pomaga redukowa\u0107 sztywno\u015b\u0107 karku. ZASTOSOWANIE PODUSZKI \u2022 b\u00f3le karku \u2022 b\u00f3le kr\u0119gos\u0142upa, \u2022 b\u00f3le plec\u00f3w, \u2022 b\u00f3le odcinka l\u0119d\u017awiowego \u2022 skurcze&#8230;<\/p>\n","protected":false},"featured_media":942,"template":"","meta":{"_bst_post_transparent":"default","_bst_post_title":"","_bst_post_layout":"default","_bst_post_sidebar_id":"","_bst_post_content_style":"default","_bst_post_vertical_padding":"default","_bst_post_feature":"","_bst_post_feature_position":"","_bst_post_header":false,"_bst_post_footer":false},"product_brand":[],"product_cat":[121,106],"product_tag":[],"product_brands":[],"class_list":{"0":"post-831","1":"product","2":"type-product","3":"status-publish","4":"has-post-thumbnail","6":"product_cat-wszystko","7":"product_cat-masazery","9":"first","10":"instock","11":"shipping-taxable","12":"product-type-simple","13":"entry","14":"content-bg","15":"loop-entry"},"_links":{"self":[{"href":"https:\/\/ekodom.sklep.pl\/index.php\/wp-json\/wp\/v2\/product\/831","targetHints":{"allow":["GET"]}}],"collection":[{"href":"https:\/\/ekodom.sklep.pl\/index.php\/wp-json\/wp\/v2\/product"}],"about":[{"href":"https:\/\/ekodom.sklep.pl\/index.php\/wp-json\/wp\/v2\/types\/product"}],"version-history":[{"count":1,"href":"https:\/\/ekodom.sklep.pl\/index.php\/wp-json\/wp\/v2\/product\/831\/revisions"}],"predecessor-version":[{"id":832,"href":"https:\/\/ekodom.sklep.pl\/index.php\/wp-json\/wp\/v2\/product\/831\/revisions\/832"}],"wp:featuredmedia":[{"embeddable":true,"href":"https:\/\/ekodom.sklep.pl\/index.php\/wp-json\/wp\/v2\/media\/942"}],"wp:attachment":[{"href":"https:\/\/ekodom.sklep.pl\/index.php\/wp-json\/wp\/v2\/media?parent=831"}],"wp:term":[{"taxonomy":"product_brand","embeddable":true,"href":"https:\/\/ekodom.sklep.pl\/index.php\/wp-json\/wp\/v2\/product_brand?post=831"},{"taxonomy":"product_cat","embeddable":true,"href":"https:\/\/ekodom.sklep.pl\/index.php\/wp-json\/wp\/v2\/product_cat?post=831"},{"taxonomy":"product_tag","embeddable":true,"href":"https:\/\/ekodom.sklep.pl\/index.php\/wp-json\/wp\/v2\/product_tag?post=831"},{"taxonomy":"product_brands","embeddable":true,"href":"https:\/\/ekodom.sklep.pl\/index.php\/wp-json\/wp\/v2\/product_brands?post=831"}],"curies":[{"name":"wp","href":"https:\/\/api.w.org\/{rel}","templated":true}]}}