{"id":855,"date":"2025-11-30T18:11:25","date_gmt":"2025-11-30T17:11:25","guid":{"rendered":"http:\/\/ekodom.sklep.pl\/?post_type=product&#038;p=855"},"modified":"2025-12-01T10:56:40","modified_gmt":"2025-12-01T09:56:40","slug":"ozonator","status":"publish","type":"product","link":"https:\/\/ekodom.sklep.pl\/index.php\/product\/ozonator\/","title":{"rendered":"Ozonator"},"content":{"rendered":"<p>Ozonator to innowacyjne rozwi\u0105zanie, kt\u00f3re nie tylko chroni zdrowie poprzez oczyszczanie \u017cywno\u015bci, ale r\u00f3wnie\u017c znacznie rozszerza zakres higieny w domu, przyczyniaj\u0105c si\u0119 do poprawy jako\u015bci \u017cycia i samopoczucia.<\/p>\n<p>Ozon jest znacznie skuteczniejszy od chloru i spirytusu w eliminowaniu drobnoustroj\u00f3w, w tym bakterii, wirus\u00f3w, grzyb\u00f3w, i pierwotniak\u00f3w.<\/p>\n<p>Ozonowanie lod\u00f3wki: Dzi\u0119ki ozonowaniu lod\u00f3wki, produkty spo\u017cywcze odzyskuj\u0105 \u015bwie\u017co\u015b\u0107, a ryzyko rozwoju bakterii jest minimalizowane.<\/p>\n<p>Ozonowanie but\u00f3w i ubra\u0144: Skutecznie usuwa nieprzyjemne zapachy i dezynfekuje, eliminuj\u0105c bakterie i grzyby.<\/p>\n<p>Oczyszczanie ko\u0142der i poduszek: Ozonowanie tkanin pomaga w usuwaniu roztoczy i alergen\u00f3w, co jest szczeg\u00f3lnie wa\u017cne dla alergik\u00f3w i astmatyk\u00f3w.<\/p>\n<p>Przemywanie ran: Ozonowanie wspomaga proces gojenia ran dzi\u0119ki swoim antyseptycznym w\u0142a\u015bciwo\u015bciom, kt\u00f3re pomagaj\u0105 redukowa\u0107 obecno\u015b\u0107 bakterii i innych patogen\u00f3w w obszarze uszkodzonej sk\u00f3ry.<\/p>\n<p>Ze wzgl\u0119d\u00f3w bezpiecze\u0144stwa, nie wolno u\u017cywa\u0107 generatora ozonu samodzielnie \u2013 mo\u017cna go u\u017cywa\u0107 wy\u0142\u0105cznie z Tub\u0105 oczyszczaj\u0105c\u0105, kt\u00f3ra neutralizuje nadmiar ozonu.<\/p>\n","protected":false},"excerpt":{"rendered":"<p>Ozonator to innowacyjne rozwi\u0105zanie, kt\u00f3re nie tylko chroni zdrowie poprzez oczyszczanie \u017cywno\u015bci, ale r\u00f3wnie\u017c znacznie rozszerza zakres higieny w domu, przyczyniaj\u0105c si\u0119 do poprawy jako\u015bci \u017cycia i samopoczucia. Ozon jest znacznie skuteczniejszy od chloru i spirytusu w eliminowaniu drobnoustroj\u00f3w, w tym bakterii, wirus\u00f3w, grzyb\u00f3w, i pierwotniak\u00f3w. Ozonowanie lod\u00f3wki: Dzi\u0119ki ozonowaniu lod\u00f3wki, produkty spo\u017cywcze odzyskuj\u0105 \u015bwie\u017co\u015b\u0107,&#8230;<\/p>\n","protected":false},"featured_media":815,"template":"","meta":{"_bst_post_transparent":"default","_bst_post_title":"","_bst_post_layout":"default","_bst_post_sidebar_id":"","_bst_post_content_style":"default","_bst_post_vertical_padding":"default","_bst_post_feature":"","_bst_post_feature_position":"","_bst_post_header":false,"_bst_post_footer":false},"product_brand":[],"product_cat":[121,113],"product_tag":[],"product_brands":[],"class_list":{"0":"post-855","1":"product","2":"type-product","3":"status-publish","4":"has-post-thumbnail","6":"product_cat-wszystko","7":"product_cat-ozonatory","9":"first","10":"instock","11":"shipping-taxable","12":"purchasable","13":"product-type-simple","14":"entry","15":"content-bg","16":"loop-entry"},"_links":{"self":[{"href":"https:\/\/ekodom.sklep.pl\/index.php\/wp-json\/wp\/v2\/product\/855","targetHints":{"allow":["GET"]}}],"collection":[{"href":"https:\/\/ekodom.sklep.pl\/index.php\/wp-json\/wp\/v2\/product"}],"about":[{"href":"https:\/\/ekodom.sklep.pl\/index.php\/wp-json\/wp\/v2\/types\/product"}],"version-history":[{"count":1,"href":"https:\/\/ekodom.sklep.pl\/index.php\/wp-json\/wp\/v2\/product\/855\/revisions"}],"predecessor-version":[{"id":856,"href":"https:\/\/ekodom.sklep.pl\/index.php\/wp-json\/wp\/v2\/product\/855\/revisions\/856"}],"wp:featuredmedia":[{"embeddable":true,"href":"https:\/\/ekodom.sklep.pl\/index.php\/wp-json\/wp\/v2\/media\/815"}],"wp:attachment":[{"href":"https:\/\/ekodom.sklep.pl\/index.php\/wp-json\/wp\/v2\/media?parent=855"}],"wp:term":[{"taxonomy":"product_brand","embeddable":true,"href":"https:\/\/ekodom.sklep.pl\/index.php\/wp-json\/wp\/v2\/product_brand?post=855"},{"taxonomy":"product_cat","embeddable":true,"href":"https:\/\/ekodom.sklep.pl\/index.php\/wp-json\/wp\/v2\/product_cat?post=855"},{"taxonomy":"product_tag","embeddable":true,"href":"https:\/\/ekodom.sklep.pl\/index.php\/wp-json\/wp\/v2\/product_tag?post=855"},{"taxonomy":"product_brands","embeddable":true,"href":"https:\/\/ekodom.sklep.pl\/index.php\/wp-json\/wp\/v2\/product_brands?post=855"}],"curies":[{"name":"wp","href":"https:\/\/api.w.org\/{rel}","templated":true}]}}